{"id":19815,"date":"2022-05-16T11:03:33","date_gmt":"2022-05-16T08:03:33","guid":{"rendered":"https:\/\/integration.luckan.fi\/?post_type=integratinginswedish&#038;p=19815"},"modified":"2023-07-31T22:33:41","modified_gmt":"2023-07-31T19:33:41","slug":"voices-from-people-that-integrated-in-swedish","status":"publish","type":"integratinginswedish","link":"https:\/\/integration.luckan.fi\/sv\/integratinginswedish\/voices-from-people-that-integrated-in-swedish\/","title":{"rendered":"R\u00f6ster fr\u00e5n personer som framg\u00e5ngsrikt integrerats p\u00e5 svenska"},"content":{"rendered":"<p>Att h\u00f6ra fr\u00e5n andra som har valt att integrera p\u00e5 svenska kan hj\u00e4lpa dig med dina funderingar. Du kan hitta fler videor p\u00e5 <a href=\"https:\/\/www.youtube.com\/playlist?list=PLmWfUSt3yOYcuMQEjbdfQAoVVJLF8A_f8\" target=\"_blank\" rel=\"noreferrer noopener\">Youtube<\/a>.<br \/>Om du vill veta mer om boken som presenteras i filmerna kan du bes\u00f6ka <a href=\"https:\/\/integration.luckan.fi\/integratinginswedish\/inswedishinfinland\/\" target=\"_blank\" rel=\"noreferrer noopener\">P\u00e5 svenska i Finland<\/a>.<\/p>\n\n\n\n<p>F\u00f6rst ut \u00e4r Allyana, en student som testade den finska integrationsv\u00e4gen innan hon bytte.<\/p>\n\n\n\n<figure class=\"wp-block-embed is-type-video is-provider-youtube wp-block-embed-youtube wp-embed-aspect-16-9 wp-has-aspect-ratio\"><div class=\"wp-block-embed__wrapper\">\n<iframe loading=\"lazy\" title=\"InSwedishInFinland\/Allyana\" width=\"1000\" height=\"563\" src=\"https:\/\/www.youtube.com\/embed\/K8hmtxeKbdQ?feature=oembed\" frameborder=\"0\" allow=\"accelerometer; autoplay; clipboard-write; encrypted-media; gyroscope; picture-in-picture; web-share\" allowfullscreen><\/iframe>\n<\/div><\/figure>\n\n\n\n<p>Dam Kah kom 2017 fr\u00e5n Spanien och arbetar nu med ungdomar.<\/p>\n\n\n\n<figure class=\"wp-block-embed is-type-video is-provider-youtube wp-block-embed-youtube wp-embed-aspect-16-9 wp-has-aspect-ratio\"><div class=\"wp-block-embed__wrapper\">\n<iframe loading=\"lazy\" title=\"P\u00e5 svenskaInFinland\/Dam Kah\" width=\"1000\" height=\"563\" src=\"https:\/\/www.youtube.com\/embed\/o_aI_RHUxX4?feature=oembed\" frameborder=\"0\" allow=\"accelerometer; autoplay; clipboard-write; encrypted-media; gyroscope; picture-in-picture; web-share\" allowfullscreen><\/iframe>\n<\/div><\/figure>\n\n\n\n<p>Ma\u00efmouna kommer fr\u00e5n Paris. Hon kom till Finland 2011 och arbetar nu som forskare.<\/p>\n\n\n\n<figure class=\"wp-block-embed is-type-video is-provider-youtube wp-block-embed-youtube wp-embed-aspect-16-9 wp-has-aspect-ratio\"><div class=\"wp-block-embed__wrapper\">\n<iframe loading=\"lazy\" title=\"P\u00e5 svenska I Finland\/Maimouna\" width=\"1000\" height=\"563\" src=\"https:\/\/www.youtube.com\/embed\/3jKnKt9ZKcA?feature=oembed\" frameborder=\"0\" allow=\"accelerometer; autoplay; clipboard-write; encrypted-media; gyroscope; picture-in-picture; web-share\" allowfullscreen><\/iframe>\n<\/div><\/figure>\n\n\n\n<p>Alexandr fr\u00e5n Ryssland har grundat svenska.fi, en f\u00f6rening av och f\u00f6r m\u00e4nniskor som v\u00e4ljer den svenska integrationsv\u00e4gen.<\/p>\n\n\n\n<figure class=\"wp-block-embed is-type-video is-provider-youtube wp-block-embed-youtube wp-embed-aspect-16-9 wp-has-aspect-ratio\"><div class=\"wp-block-embed__wrapper\">\n<iframe loading=\"lazy\" title=\"InSwedishInFinland\/Alexandr\" width=\"1000\" height=\"563\" src=\"https:\/\/www.youtube.com\/embed\/pjS4wnH8ef8?feature=oembed\" frameborder=\"0\" allow=\"accelerometer; autoplay; clipboard-write; encrypted-media; gyroscope; picture-in-picture; web-share\" allowfullscreen><\/iframe>\n<\/div><\/figure>","protected":false},"featured_media":19816,"template":"","format":"standard","meta":{"om_disable_all_campaigns":false,"inline_featured_image":false,"ghostkit_customizer_options":"","ghostkit_custom_css":"","ghostkit_custom_js_head":"","ghostkit_custom_js_foot":"","ghostkit_typography":"","_monsterinsights_skip_tracking":false,"_monsterinsights_sitenote_active":false,"_monsterinsights_sitenote_note":"","_monsterinsights_sitenote_category":0,"cybocfi_hide_featured_image":"yes"},"informationcategories":[69],"class_list":["post-19815","integratinginswedish","type-integratinginswedish","status-publish","format-standard","has-post-thumbnail","hentry","informationcategories-2before","entry"],"aioseo_notices":[],"_links":{"self":[{"href":"https:\/\/integration.luckan.fi\/sv\/wp-json\/wp\/v2\/integratinginswedish\/19815","targetHints":{"allow":["GET"]}}],"collection":[{"href":"https:\/\/integration.luckan.fi\/sv\/wp-json\/wp\/v2\/integratinginswedish"}],"about":[{"href":"https:\/\/integration.luckan.fi\/sv\/wp-json\/wp\/v2\/types\/integratinginswedish"}],"wp:featuredmedia":[{"embeddable":true,"href":"https:\/\/integration.luckan.fi\/sv\/wp-json\/wp\/v2\/media\/19816"}],"wp:attachment":[{"href":"https:\/\/integration.luckan.fi\/sv\/wp-json\/wp\/v2\/media?parent=19815"}],"wp:term":[{"taxonomy":"informationcategories","embeddable":true,"href":"https:\/\/integration.luckan.fi\/sv\/wp-json\/wp\/v2\/informationcategories?post=19815"}],"curies":[{"name":"wp","href":"https:\/\/api.w.org\/{rel}","templated":true}]}}

Röster från personer som framgångsrikt integrerats på svenska

<p>Att höra från andra som har valt att integrera på svenska kan hjälpa dig med dina funderingar. Du kan hitta fler videor på <a href="https://www.youtube.com/playlist?list=PLmWfUSt3yOYcuMQEjbdfQAoVVJLF8A_f8" target="_blank" rel="noreferrer noopener">Youtube</a>.<br />Om du vill veta mer om boken som presenteras i filmerna kan du besöka <a href="https://integration.luckan.fi/integratinginswedish/inswedishinfinland/" target="_blank" rel="noreferrer noopener">På svenska i Finland</a>.</p>



<p>Först ut är Allyana, en student som testade den finska integrationsvägen innan hon bytte.</p>



<figure class="wp-block-embed is-type-video is-provider-youtube wp-block-embed-youtube wp-embed-aspect-16-9 wp-has-aspect-ratio"><div class="wp-block-embed__wrapper">
<iframe loading="lazy" title="InSwedishInFinland/Allyana" width="1000" height="563" src="https://www.youtube.com/embed/K8hmtxeKbdQ?feature=oembed" frameborder="0" allow="accelerometer; autoplay; clipboard-write; encrypted-media; gyroscope; picture-in-picture; web-share" allowfullscreen></iframe>
</div></figure>



<p>Dam Kah kom 2017 från Spanien och arbetar nu med ungdomar.</p>



<figure class="wp-block-embed is-type-video is-provider-youtube wp-block-embed-youtube wp-embed-aspect-16-9 wp-has-aspect-ratio"><div class="wp-block-embed__wrapper">
<iframe loading="lazy" title="På svenskaInFinland/Dam Kah" width="1000" height="563" src="https://www.youtube.com/embed/o_aI_RHUxX4?feature=oembed" frameborder="0" allow="accelerometer; autoplay; clipboard-write; encrypted-media; gyroscope; picture-in-picture; web-share" allowfullscreen></iframe>
</div></figure>



<p>Maïmouna kommer från Paris. Hon kom till Finland 2011 och arbetar nu som forskare.</p>



<figure class="wp-block-embed is-type-video is-provider-youtube wp-block-embed-youtube wp-embed-aspect-16-9 wp-has-aspect-ratio"><div class="wp-block-embed__wrapper">
<iframe loading="lazy" title="På svenska I Finland/Maimouna" width="1000" height="563" src="https://www.youtube.com/embed/3jKnKt9ZKcA?feature=oembed" frameborder="0" allow="accelerometer; autoplay; clipboard-write; encrypted-media; gyroscope; picture-in-picture; web-share" allowfullscreen></iframe>
</div></figure>



<p>Alexandr från Ryssland har grundat svenska.fi, en förening av och för människor som väljer den svenska integrationsvägen.</p>



<figure class="wp-block-embed is-type-video is-provider-youtube wp-block-embed-youtube wp-embed-aspect-16-9 wp-has-aspect-ratio"><div class="wp-block-embed__wrapper">
<iframe loading="lazy" title="InSwedishInFinland/Alexandr" width="1000" height="563" src="https://www.youtube.com/embed/pjS4wnH8ef8?feature=oembed" frameborder="0" allow="accelerometer; autoplay; clipboard-write; encrypted-media; gyroscope; picture-in-picture; web-share" allowfullscreen></iframe>
</div></figure>
